{"id":93,"date":"2023-04-15T14:36:12","date_gmt":"2023-04-15T14:36:12","guid":{"rendered":"http:\/\/annakonelli.de\/?page_id=93"},"modified":"2023-06-26T15:43:17","modified_gmt":"2023-06-26T15:43:17","slug":"lovely-faces-dilogie","status":"publish","type":"page","link":"https:\/\/annakonelli.de\/?page_id=93","title":{"rendered":"Lovely Faces Dilogie"},"content":{"rendered":"\n<div class=\"wp-block-media-text alignwide has-media-on-the-right is-stacked-on-mobile is-vertically-aligned-top\" style=\"grid-template-columns:auto 32%\"><div class=\"wp-block-media-text__content\">\n<p><a rel=\"noreferrer noopener\" href=\"https:\/\/www.thalia.de\/shop\/home\/artikeldetails\/A1062577341\" data-type=\"URL\" data-id=\"https:\/\/www.thalia.de\/shop\/home\/artikeldetails\/A1062577341\" target=\"_blank\">Bei Thalia bestellen<\/a><br><a href=\"https:\/\/www.amazon.de\/Lovely-Faces-Blue-Beautiful-Dilogie\/dp\/3969667550\/ref=tmm_pap_swatch_0?_encoding=UTF8&amp;qid=1687790426&amp;sr=8-2\" data-type=\"URL\" data-id=\"https:\/\/www.amazon.de\/Lovely-Faces-Blue-Beautiful-Dilogie\/dp\/3969667550\/ref=tmm_pap_swatch_0?_encoding=UTF8&amp;qid=1687790426&amp;sr=8-2\" target=\"_blank\" rel=\"noreferrer noopener\">Bei Amazon bestellen<\/a><br><a href=\"https:\/\/www.lovelybooks.de\/autor\/Anna-Konelli\/Lovely-Faces-2796891487-w\/\" data-type=\"URL\" data-id=\"https:\/\/www.lovelybooks.de\/autor\/Anna-Konelli\/Lovely-Faces-2796891487-w\/\" target=\"_blank\" rel=\"noreferrer noopener\">Bei Lovelybooks ansehen<\/a><br><br>EINZIGARTIG. EPISCH. EHRLICH. EINFACH LOVELY. DER AUFTAKT DER LOVELY FACES DILOGIE.<br>London 2099: Die Welt hat sich ver\u00e4ndert.<br>Kriege sind Vergangenheit und die Makellosen schufen ein Leben voller Frieden, der mit allen Mitteln gewahrt wird. Doch <em>eine<\/em> Trag\u00f6die bringt die perfekte Fassade zum Einsturz und die Grenze zwischen richtig und falsch verschwimmt.<\/p>\n\n\n\n<p>Jadelyn Lovelace ist Verfechterin der Makellosen, die 2099 frei von Religionen im Londoner Zentrum leben. Als Gesicht ihrer Gesellschaft unterst\u00fctzt sie deren Prinzipien Frieden, Disziplin und Perfektion.<br>Doch ein tragisches Ereignis macht sie zu einer Abtr\u00fcnnigen und zwingt sie zur Flucht in die Viertel. Mitten in die F\u00e4nge ihrer Feinde. Und in die von William D&#8217;Lain, der nichts mehr will als Rache. An dem Makellosen, der ihm alles nahm, und an der Regierung, die dabei zusah. Als Sergeant der Viertel und Mitglied einer Geheimorganisation, k\u00e4mpft er f\u00fcr Gerechtigkeit &#8211; was es auch kostet. Aber mit dem Auftauchen von Jadelyn, die alles symbolisiert, was er ablehnt, beginnt, ein Damoklesschwert auf ihn herabzust\u00fcrzen.<\/p>\n\n\n\n<p>Gefangen zwischen Vorurteilen, wachsenden Zweifeln und unbekannten Gef\u00fchlen m\u00fcssen sie sich nicht nur fragen, ob sie einander, sondern auch ihrem eigenen Instinkt trauen k\u00f6nnen.<\/p>\n\n\n\n<p><\/p>\n\n\n\n<p><em>\u00bbLovely Faces ist eine Dystopie, die mich von der ersten Seite an begeisterte. Durch die vielschichtige Botschaft und die faszinierenden Figuren sticht das Buch aus der Masse heraus. Es hat mir eine erschreckende, packende, d\u00fcstere, aber auch hoffnungsvolle Version unserer Zukunft gezeigt\u00ab<\/em><br>&#8211; Leni Wambach, Autorin<\/p>\n\n\n\n<p><em>\u00bbInnovativ. Lebendig. Grandios. \u201aLovely Faces\u2018 nimmt dich gefangen und l\u00e4sst dich Teil des Ganzen werden. Das, was die Leute f\u00fcr Harry Potter empfinden &#8211; die Verbundenheit, Einzigartigkeit und vor allem diese tiefe Liebe &#8211; all das sind meine Gef\u00fchle f\u00fcr \u201aLovely Faces\u2018.<br>Von allem, was ich bisher gelesen habe, war dies nicht nur die beste Dystopie, sondern auch das beste Deb\u00fct aller Zeiten!<\/em>\u00ab<br>&#8211; @lesebegeistert_, Bloggerin<\/p>\n\n\n\n<p><\/p>\n<\/div><figure class=\"wp-block-media-text__media\"><img fetchpriority=\"high\" decoding=\"async\" width=\"722\" height=\"1024\" src=\"https:\/\/annakonelli.de\/wp-content\/uploads\/2023\/06\/How-Blue.-How-Beautiful_front-1-722x1024.jpg\" alt=\"\" class=\"wp-image-187 size-full\" srcset=\"https:\/\/annakonelli.de\/wp-content\/uploads\/2023\/06\/How-Blue.-How-Beautiful_front-1-722x1024.jpg 722w, https:\/\/annakonelli.de\/wp-content\/uploads\/2023\/06\/How-Blue.-How-Beautiful_front-1-250x355.jpg 250w, https:\/\/annakonelli.de\/wp-content\/uploads\/2023\/06\/How-Blue.-How-Beautiful_front-1-350x496.jpg 350w, https:\/\/annakonelli.de\/wp-content\/uploads\/2023\/06\/How-Blue.-How-Beautiful_front-1-211x300.jpg 211w, https:\/\/annakonelli.de\/wp-content\/uploads\/2023\/06\/How-Blue.-How-Beautiful_front-1-768x1089.jpg 768w, https:\/\/annakonelli.de\/wp-content\/uploads\/2023\/06\/How-Blue.-How-Beautiful_front-1.jpg 1049w\" sizes=\"(max-width: 722px) 100vw, 722px\" \/><\/figure><\/div>\n\n\n\n<p><\/p>\n\n\n\n<div class=\"wp-block-media-text alignwide is-stacked-on-mobile is-vertically-aligned-top\" style=\"grid-template-columns:32% auto\"><figure class=\"wp-block-media-text__media\"><img decoding=\"async\" width=\"722\" height=\"1024\" src=\"https:\/\/annakonelli.de\/wp-content\/uploads\/2023\/06\/05_How-Green.-How-Gentle_Front_RGB-2-722x1024.jpg\" alt=\"\" class=\"wp-image-193 size-full\" srcset=\"https:\/\/annakonelli.de\/wp-content\/uploads\/2023\/06\/05_How-Green.-How-Gentle_Front_RGB-2-722x1024.jpg 722w, https:\/\/annakonelli.de\/wp-content\/uploads\/2023\/06\/05_How-Green.-How-Gentle_Front_RGB-2-250x355.jpg 250w, https:\/\/annakonelli.de\/wp-content\/uploads\/2023\/06\/05_How-Green.-How-Gentle_Front_RGB-2-350x497.jpg 350w, https:\/\/annakonelli.de\/wp-content\/uploads\/2023\/06\/05_How-Green.-How-Gentle_Front_RGB-2-211x300.jpg 211w, https:\/\/annakonelli.de\/wp-content\/uploads\/2023\/06\/05_How-Green.-How-Gentle_Front_RGB-2-768x1090.jpg 768w, https:\/\/annakonelli.de\/wp-content\/uploads\/2023\/06\/05_How-Green.-How-Gentle_Front_RGB-2-1083x1536.jpg 1083w, https:\/\/annakonelli.de\/wp-content\/uploads\/2023\/06\/05_How-Green.-How-Gentle_Front_RGB-2-1444x2048.jpg 1444w, https:\/\/annakonelli.de\/wp-content\/uploads\/2023\/06\/05_How-Green.-How-Gentle_Front_RGB-2.jpg 1748w\" sizes=\"(max-width: 722px) 100vw, 722px\" \/><\/figure><div class=\"wp-block-media-text__content\">\n<p><a href=\"https:\/\/www.thalia.de\/shop\/home\/artikeldetails\/A1063177106\" target=\"_blank\" rel=\"noreferrer noopener\">Bei Thalia bestellen<\/a><br><a href=\"https:\/\/www.amazon.de\/Lovely-Faces-Green-Gentle-Dilogie\/dp\/3985951349\/ref=tmm_pap_swatch_0?_encoding=UTF8&amp;qid=&amp;sr=\" target=\"_blank\" rel=\"noreferrer noopener\">Bei Amazon bestellen<\/a><br><a href=\"https:\/\/www.lovelybooks.de\/autor\/Anna-Konelli\/Lovely-Faces-4414548408-w\/\" target=\"_blank\" rel=\"noreferrer noopener\">Bei Lovelybooks ansehen<\/a><\/p>\n\n\n\n<p>NOCH GNADENLOSER. NOCH GEF\u00dcHLVOLLER. NOCH GEWALTIGER. EINFACH LOVELY. DAS FINALE DER LOVELY FACES DILOGIE.<br>London 2100:<br>Die Makellosen lassen ihre Masken fallen.<br>Nach den Offenbarungen der UNG, ist der Frieden zur Vergangenheit geworden. <em>Zwischen<\/em> ungeh\u00f6rten Wahrheiten und vergessenen L\u00fcgen k\u00e4mpfen Jadelyn und William, die Freund von Feind unterscheiden m\u00fcssen, um nicht nur einander, sondern ganz London aus dem Chaos zu befreien.<br><br><em>\u00bbIn diesem Augenblick sah ich es vor mir.<br>Ich sah ihn auf uns zukommen.<br>Krieg.\u00ab<\/em><br>Jadelyn Lovelace war Verfechterin der Makellosen, das Gesicht der UNG \u2013 und nun ist sie niemand mehr. Verraten und auf sich allein gestellt, hat sie jede Hoffnung verloren und der Traum von einem London in Frieden ist verblasst. Ein London, in dessen F\u00e4ngen William noch immer k\u00e4mpft. Um zu Jadelyn zu gelangen, geht der junge Sergeant durch die H\u00f6lle, auch wenn er daf\u00fcr das Werkzeug des Mannes sein muss, den er abgrundtief hasst.<br>Getrennt von ihren Freunden und der geschw\u00e4chten Bewegung, scheint die Macht des Zentrums unantastbar. Und w\u00e4hrend Jadelyn gegen ihre Vergangenheit k\u00e4mpft, muss William f\u00fcr die Zukunft erneut eine Grenze \u00fcberschreiten. Eine, hinter der ein Geheimnis lauert, das nie gel\u00fcftet werden sollte.<br><br>Die Linie zwischen Gut und B\u00f6se verl\u00e4uft, als die beiden sich in einem Kampf um Vertrauen, Wahrheit und Frieden wiederfinden. Aber kann es den jemals geben oder war alles umsonst?<br><br><\/p>\n\n\n\n<p><em>\u00bbWie sch\u00f6n. Wie einzigartig. Mit einer gewaltigen Sprachlichkeit und viel Emotionen \u00fcberzeugt das Finale von Lovely Faces nicht nur durch seine gesellschaftskritische Wichtigkeit, sondern auch mit unverwechselbarer Ehrlichkeit. Wer Lovely Faces noch nicht kennt, sollte wissen, dass man hier das Beste bekommt, was Dystopie zu bieten hat.\u00ab <\/em>Marie D\u00f6ling, Autorin &amp; Lektorin<\/p>\n<\/div><\/div>\n","protected":false},"excerpt":{"rendered":"<p>Bei Thalia bestellenBei Amazon bestellenBei Lovelybooks ansehen EINZIGARTIG. EPISCH. EHRLICH. EINFACH LOVELY. DER AUFTAKT DER LOVELY FACES DILOGIE.London 2099: Die Welt hat sich ver\u00e4ndert.Kriege sind Vergangenheit und die Makellosen schufen ein Leben voller Frieden, der mit allen Mitteln gewahrt wird. Doch eine Trag\u00f6die bringt die perfekte Fassade zum Einsturz und die Grenze zwischen richtig und &hellip; <\/p>\n<p class=\"link-more\"><a href=\"https:\/\/annakonelli.de\/?page_id=93\" class=\"more-link\"><span class=\"screen-reader-text\">\u201eLovely Faces Dilogie\u201c <\/span>weiterlesen<\/a><\/p>\n","protected":false},"author":1,"featured_media":0,"parent":15,"menu_order":0,"comment_status":"closed","ping_status":"closed","template":"","meta":{"footnotes":""},"class_list":["post-93","page","type-page","status-publish","hentry"],"yoast_head":"<!-- This site is optimized with the Yoast SEO plugin v27.4 - https:\/\/yoast.com\/product\/yoast-seo-wordpress\/ -->\n<title>Lovely Faces Dilogie - Anna Konelli<\/title>\n<meta name=\"robots\" content=\"index, follow, max-snippet:-1, max-image-preview:large, max-video-preview:-1\" \/>\n<link rel=\"canonical\" href=\"https:\/\/annakonelli.de\/?page_id=93\" \/>\n<meta property=\"og:locale\" content=\"de_DE\" \/>\n<meta property=\"og:type\" content=\"article\" \/>\n<meta property=\"og:title\" content=\"Lovely Faces Dilogie - Anna Konelli\" \/>\n<meta property=\"og:description\" content=\"Bei Thalia bestellenBei Amazon bestellenBei Lovelybooks ansehen EINZIGARTIG. EPISCH. EHRLICH. EINFACH LOVELY. DER AUFTAKT DER LOVELY FACES DILOGIE.London 2099: Die Welt hat sich ver\u00e4ndert.Kriege sind Vergangenheit und die Makellosen schufen ein Leben voller Frieden, der mit allen Mitteln gewahrt wird. Doch eine Trag\u00f6die bringt die perfekte Fassade zum Einsturz und die Grenze zwischen richtig und &hellip; \u201eLovely Faces Dilogie\u201c weiterlesen\" \/>\n<meta property=\"og:url\" content=\"https:\/\/annakonelli.de\/?page_id=93\" \/>\n<meta property=\"og:site_name\" content=\"Anna Konelli\" \/>\n<meta property=\"article:modified_time\" content=\"2023-06-26T15:43:17+00:00\" \/>\n<meta property=\"og:image\" content=\"http:\/\/annakonelli.de\/wp-content\/uploads\/2023\/06\/How-Blue.-How-Beautiful_front-1-722x1024.jpg\" \/>\n<meta name=\"twitter:card\" content=\"summary_large_image\" \/>\n<meta name=\"twitter:label1\" content=\"Gesch\u00e4tzte Lesezeit\" \/>\n\t<meta name=\"twitter:data1\" content=\"3\u00a0Minuten\" \/>\n<script type=\"application\/ld+json\" class=\"yoast-schema-graph\">{\"@context\":\"https:\\\/\\\/schema.org\",\"@graph\":[{\"@type\":\"WebPage\",\"@id\":\"https:\\\/\\\/annakonelli.de\\\/?page_id=93\",\"url\":\"https:\\\/\\\/annakonelli.de\\\/?page_id=93\",\"name\":\"Lovely Faces Dilogie - Anna Konelli\",\"isPartOf\":{\"@id\":\"https:\\\/\\\/annakonelli.de\\\/#website\"},\"primaryImageOfPage\":{\"@id\":\"https:\\\/\\\/annakonelli.de\\\/?page_id=93#primaryimage\"},\"image\":{\"@id\":\"https:\\\/\\\/annakonelli.de\\\/?page_id=93#primaryimage\"},\"thumbnailUrl\":\"http:\\\/\\\/annakonelli.de\\\/wp-content\\\/uploads\\\/2023\\\/06\\\/How-Blue.-How-Beautiful_front-1-722x1024.jpg\",\"datePublished\":\"2023-04-15T14:36:12+00:00\",\"dateModified\":\"2023-06-26T15:43:17+00:00\",\"breadcrumb\":{\"@id\":\"https:\\\/\\\/annakonelli.de\\\/?page_id=93#breadcrumb\"},\"inLanguage\":\"de\",\"potentialAction\":[{\"@type\":\"ReadAction\",\"target\":[\"https:\\\/\\\/annakonelli.de\\\/?page_id=93\"]}]},{\"@type\":\"ImageObject\",\"inLanguage\":\"de\",\"@id\":\"https:\\\/\\\/annakonelli.de\\\/?page_id=93#primaryimage\",\"url\":\"https:\\\/\\\/annakonelli.de\\\/wp-content\\\/uploads\\\/2023\\\/06\\\/How-Blue.-How-Beautiful_front-1.jpg\",\"contentUrl\":\"https:\\\/\\\/annakonelli.de\\\/wp-content\\\/uploads\\\/2023\\\/06\\\/How-Blue.-How-Beautiful_front-1.jpg\",\"width\":1049,\"height\":1488},{\"@type\":\"BreadcrumbList\",\"@id\":\"https:\\\/\\\/annakonelli.de\\\/?page_id=93#breadcrumb\",\"itemListElement\":[{\"@type\":\"ListItem\",\"position\":1,\"name\":\"Startseite\",\"item\":\"https:\\\/\\\/annakonelli.de\\\/\"},{\"@type\":\"ListItem\",\"position\":2,\"name\":\"Meine B\u00fccher\",\"item\":\"https:\\\/\\\/annakonelli.de\\\/\"},{\"@type\":\"ListItem\",\"position\":3,\"name\":\"Lovely Faces Dilogie\"}]},{\"@type\":\"WebSite\",\"@id\":\"https:\\\/\\\/annakonelli.de\\\/#website\",\"url\":\"https:\\\/\\\/annakonelli.de\\\/\",\"name\":\"Anna Konelli\",\"description\":\"Autorin | gibt Schreibtipps | trinkt Kaffee\",\"potentialAction\":[{\"@type\":\"SearchAction\",\"target\":{\"@type\":\"EntryPoint\",\"urlTemplate\":\"https:\\\/\\\/annakonelli.de\\\/?s={search_term_string}\"},\"query-input\":{\"@type\":\"PropertyValueSpecification\",\"valueRequired\":true,\"valueName\":\"search_term_string\"}}],\"inLanguage\":\"de\"}]}<\/script>\n<!-- \/ Yoast SEO plugin. -->","yoast_head_json":{"title":"Lovely Faces Dilogie - Anna Konelli","robots":{"index":"index","follow":"follow","max-snippet":"max-snippet:-1","max-image-preview":"max-image-preview:large","max-video-preview":"max-video-preview:-1"},"canonical":"https:\/\/annakonelli.de\/?page_id=93","og_locale":"de_DE","og_type":"article","og_title":"Lovely Faces Dilogie - Anna Konelli","og_description":"Bei Thalia bestellenBei Amazon bestellenBei Lovelybooks ansehen EINZIGARTIG. EPISCH. EHRLICH. EINFACH LOVELY. DER AUFTAKT DER LOVELY FACES DILOGIE.London 2099: Die Welt hat sich ver\u00e4ndert.Kriege sind Vergangenheit und die Makellosen schufen ein Leben voller Frieden, der mit allen Mitteln gewahrt wird. Doch eine Trag\u00f6die bringt die perfekte Fassade zum Einsturz und die Grenze zwischen richtig und &hellip; \u201eLovely Faces Dilogie\u201c weiterlesen","og_url":"https:\/\/annakonelli.de\/?page_id=93","og_site_name":"Anna Konelli","article_modified_time":"2023-06-26T15:43:17+00:00","og_image":[{"url":"http:\/\/annakonelli.de\/wp-content\/uploads\/2023\/06\/How-Blue.-How-Beautiful_front-1-722x1024.jpg","type":"","width":"","height":""}],"twitter_card":"summary_large_image","twitter_misc":{"Gesch\u00e4tzte Lesezeit":"3\u00a0Minuten"},"schema":{"@context":"https:\/\/schema.org","@graph":[{"@type":"WebPage","@id":"https:\/\/annakonelli.de\/?page_id=93","url":"https:\/\/annakonelli.de\/?page_id=93","name":"Lovely Faces Dilogie - Anna Konelli","isPartOf":{"@id":"https:\/\/annakonelli.de\/#website"},"primaryImageOfPage":{"@id":"https:\/\/annakonelli.de\/?page_id=93#primaryimage"},"image":{"@id":"https:\/\/annakonelli.de\/?page_id=93#primaryimage"},"thumbnailUrl":"http:\/\/annakonelli.de\/wp-content\/uploads\/2023\/06\/How-Blue.-How-Beautiful_front-1-722x1024.jpg","datePublished":"2023-04-15T14:36:12+00:00","dateModified":"2023-06-26T15:43:17+00:00","breadcrumb":{"@id":"https:\/\/annakonelli.de\/?page_id=93#breadcrumb"},"inLanguage":"de","potentialAction":[{"@type":"ReadAction","target":["https:\/\/annakonelli.de\/?page_id=93"]}]},{"@type":"ImageObject","inLanguage":"de","@id":"https:\/\/annakonelli.de\/?page_id=93#primaryimage","url":"https:\/\/annakonelli.de\/wp-content\/uploads\/2023\/06\/How-Blue.-How-Beautiful_front-1.jpg","contentUrl":"https:\/\/annakonelli.de\/wp-content\/uploads\/2023\/06\/How-Blue.-How-Beautiful_front-1.jpg","width":1049,"height":1488},{"@type":"BreadcrumbList","@id":"https:\/\/annakonelli.de\/?page_id=93#breadcrumb","itemListElement":[{"@type":"ListItem","position":1,"name":"Startseite","item":"https:\/\/annakonelli.de\/"},{"@type":"ListItem","position":2,"name":"Meine B\u00fccher","item":"https:\/\/annakonelli.de\/"},{"@type":"ListItem","position":3,"name":"Lovely Faces Dilogie"}]},{"@type":"WebSite","@id":"https:\/\/annakonelli.de\/#website","url":"https:\/\/annakonelli.de\/","name":"Anna Konelli","description":"Autorin | gibt Schreibtipps | trinkt Kaffee","potentialAction":[{"@type":"SearchAction","target":{"@type":"EntryPoint","urlTemplate":"https:\/\/annakonelli.de\/?s={search_term_string}"},"query-input":{"@type":"PropertyValueSpecification","valueRequired":true,"valueName":"search_term_string"}}],"inLanguage":"de"}]}},"_links":{"self":[{"href":"https:\/\/annakonelli.de\/index.php?rest_route=\/wp\/v2\/pages\/93","targetHints":{"allow":["GET"]}}],"collection":[{"href":"https:\/\/annakonelli.de\/index.php?rest_route=\/wp\/v2\/pages"}],"about":[{"href":"https:\/\/annakonelli.de\/index.php?rest_route=\/wp\/v2\/types\/page"}],"author":[{"embeddable":true,"href":"https:\/\/annakonelli.de\/index.php?rest_route=\/wp\/v2\/users\/1"}],"replies":[{"embeddable":true,"href":"https:\/\/annakonelli.de\/index.php?rest_route=%2Fwp%2Fv2%2Fcomments&post=93"}],"version-history":[{"count":4,"href":"https:\/\/annakonelli.de\/index.php?rest_route=\/wp\/v2\/pages\/93\/revisions"}],"predecessor-version":[{"id":194,"href":"https:\/\/annakonelli.de\/index.php?rest_route=\/wp\/v2\/pages\/93\/revisions\/194"}],"up":[{"embeddable":true,"href":"https:\/\/annakonelli.de\/index.php?rest_route=\/wp\/v2\/pages\/15"}],"wp:attachment":[{"href":"https:\/\/annakonelli.de\/index.php?rest_route=%2Fwp%2Fv2%2Fmedia&parent=93"}],"curies":[{"name":"wp","href":"https:\/\/api.w.org\/{rel}","templated":true}]}}