{"id":81,"date":"2023-04-15T14:00:25","date_gmt":"2023-04-15T14:00:25","guid":{"rendered":"http:\/\/annakonelli.de\/?page_id=81"},"modified":"2024-01-04T20:40:42","modified_gmt":"2024-01-04T20:40:42","slug":"anna-konelli","status":"publish","type":"page","link":"https:\/\/annakonelli.de\/?page_id=81","title":{"rendered":"Die Konelli"},"content":{"rendered":"\n<p>1994 bin ich \u2013 Anna Konelli \u2013 als letztes von drei Kindern im Bergischen Land geboren, wuchs in der N\u00e4he Hannovers auf und studierte International Business Marketing Management in K\u00f6ln, wo ich derzeit mit meinem Auto Ohnezahn und meiner Monstera Olaf lebe. Dank meiner Eltern wurde ich fr\u00fch an die B\u00fccherwelt herangef\u00fchrt und wollte schon bald selbst die Buchstaben aneinanderreihen. Was mit Kurzgeschichten und Gedichten begann, f\u00fchrte \u00fcber Abenteuergeschichten zu Romanen. Meine literarische Heimat ist Fantasy mitsamt aller Subgenres, doch auch im Genre Dystopien und (Dark) Romance f\u00fchle ich mich mehr als wohl, wobei ich gesellschaftsrelevante Botschaften integriere. Schreiben ist meine Therapie, mein Sauerstoff und ich brenne f\u00fcr meine Geschichten, weshalb es mich freut, dich hier begr\u00fc\u00dfen zu d\u00fcrfen.<br><br>Ab 2024 werde ich auch Dienstleistungen als Lektorin und Korrektorin anbieten, Expos\u00e9s auf Markttauglichkeit pr\u00fcfen und beim Klappentext verfassen unterst\u00fctzen. Mein Hauptberuf als Marketing Managerin, meine Fachexpertise im redaktionellen Bereich sowie meine Erfahrung als Textpr\u00fcferin sind dazu die ideale Basis. Ich freue mich sehr darauf!<\/p>\n\n\n\n<p>Au\u00dferdem ver\u00f6ffentlichen meine Kollegin Jennifer Ebbinghaus und ich monatlich neue Kapitel in unserem Schreib- und B\u00fccherpodcast <a href=\"https:\/\/annakonelli.de\/?page_id=22\">\u00bbTrunken vor Worten\u00ab<\/a>.<\/p>\n\n\n\n<p>Folge mir gern auf diesen Accounts, wenn du nichts verpassen m\u00f6chtest:<\/p>\n\n\n\n<p><a href=\"https:\/\/www.tiktok.com\/@annakonelli\">Insta<br>TikTok<\/a><br><a href=\"https:\/\/www.amazon.de\/stores\/author\/B08NCZH98T?ingress=0&amp;visitId=86b7deb4-aab3-4859-8741-2aa8e670e36a\">Amazon<\/a><br><a href=\"https:\/\/www.lovelybooks.de\/autor\/Anna-Konelli\/\">LovelyBooks<\/a><br><a href=\"https:\/\/pin.it\/2NgkFBK\">Pinterest<\/a><br><a href=\"https:\/\/open.spotify.com\/show\/0xWuZIWQNCjjOseIH4tPK2?si=426143b4e12743b3\">Spotify<\/a><\/p>\n\n\n\n<p>Deine Anna \/ Die Konelli<\/p>\n","protected":false},"excerpt":{"rendered":"<p>1994 bin ich \u2013 Anna Konelli \u2013 als letztes von drei Kindern im Bergischen Land geboren, wuchs in der N\u00e4he Hannovers auf und studierte International Business Marketing Management in K\u00f6ln, wo ich derzeit mit meinem Auto Ohnezahn und meiner Monstera Olaf lebe. Dank meiner Eltern wurde ich fr\u00fch an die B\u00fccherwelt herangef\u00fchrt und wollte schon &hellip; <\/p>\n<p class=\"link-more\"><a href=\"https:\/\/annakonelli.de\/?page_id=81\" class=\"more-link\"><span class=\"screen-reader-text\">\u201eDie Konelli\u201c <\/span>weiterlesen<\/a><\/p>\n","protected":false},"author":1,"featured_media":14,"parent":0,"menu_order":0,"comment_status":"closed","ping_status":"closed","template":"","meta":{"footnotes":""},"class_list":["post-81","page","type-page","status-publish","has-post-thumbnail","hentry"],"yoast_head":"<!-- This site is optimized with the Yoast SEO plugin v27.5 - https:\/\/yoast.com\/product\/yoast-seo-wordpress\/ -->\n<title>Die Konelli - Anna Konelli<\/title>\n<meta name=\"description\" content=\"Ich bin Anna Konelli. Autorin, Lektorin, Herzensbrecherin und Schreibtippgeberin. Mein Hauptberuf als Marketing Managerin, meine Kreativit\u00e4t\u2026\" \/>\n<meta name=\"robots\" content=\"index, follow, max-snippet:-1, max-image-preview:large, max-video-preview:-1\" \/>\n<link rel=\"canonical\" href=\"https:\/\/annakonelli.de\/?page_id=81\" \/>\n<meta property=\"og:locale\" content=\"de_DE\" \/>\n<meta property=\"og:type\" content=\"article\" \/>\n<meta property=\"og:title\" content=\"Die Konelli - Anna Konelli\" \/>\n<meta property=\"og:description\" content=\"Ich bin Anna Konelli. Autorin, Lektorin, Herzensbrecherin und Schreibtippgeberin. Mein Hauptberuf als Marketing Managerin, meine Kreativit\u00e4t\u2026\" \/>\n<meta property=\"og:url\" content=\"https:\/\/annakonelli.de\/?page_id=81\" \/>\n<meta property=\"og:site_name\" content=\"Anna Konelli\" \/>\n<meta property=\"article:modified_time\" content=\"2024-01-04T20:40:42+00:00\" \/>\n<meta property=\"og:image\" content=\"https:\/\/annakonelli.de\/wp-content\/uploads\/2023\/04\/cropped-L4A5935-1.jpg\" \/>\n\t<meta property=\"og:image:width\" content=\"1920\" \/>\n\t<meta property=\"og:image:height\" content=\"1172\" \/>\n\t<meta property=\"og:image:type\" content=\"image\/jpeg\" \/>\n<meta name=\"twitter:card\" content=\"summary_large_image\" \/>\n<meta name=\"twitter:label1\" content=\"Gesch\u00e4tzte Lesezeit\" \/>\n\t<meta name=\"twitter:data1\" content=\"2\u00a0Minuten\" \/>\n<script type=\"application\/ld+json\" class=\"yoast-schema-graph\">{\"@context\":\"https:\\\/\\\/schema.org\",\"@graph\":[{\"@type\":\"WebPage\",\"@id\":\"https:\\\/\\\/annakonelli.de\\\/?page_id=81\",\"url\":\"https:\\\/\\\/annakonelli.de\\\/?page_id=81\",\"name\":\"Die Konelli - Anna Konelli\",\"isPartOf\":{\"@id\":\"https:\\\/\\\/annakonelli.de\\\/#website\"},\"primaryImageOfPage\":{\"@id\":\"https:\\\/\\\/annakonelli.de\\\/?page_id=81#primaryimage\"},\"image\":{\"@id\":\"https:\\\/\\\/annakonelli.de\\\/?page_id=81#primaryimage\"},\"thumbnailUrl\":\"https:\\\/\\\/annakonelli.de\\\/wp-content\\\/uploads\\\/2023\\\/04\\\/cropped-L4A5935-1.jpg\",\"datePublished\":\"2023-04-15T14:00:25+00:00\",\"dateModified\":\"2024-01-04T20:40:42+00:00\",\"description\":\"Ich bin Anna Konelli. Autorin, Lektorin, Herzensbrecherin und Schreibtippgeberin. Mein Hauptberuf als Marketing Managerin, meine Kreativit\u00e4t\u2026\",\"breadcrumb\":{\"@id\":\"https:\\\/\\\/annakonelli.de\\\/?page_id=81#breadcrumb\"},\"inLanguage\":\"de\",\"potentialAction\":[{\"@type\":\"ReadAction\",\"target\":[\"https:\\\/\\\/annakonelli.de\\\/?page_id=81\"]}]},{\"@type\":\"ImageObject\",\"inLanguage\":\"de\",\"@id\":\"https:\\\/\\\/annakonelli.de\\\/?page_id=81#primaryimage\",\"url\":\"https:\\\/\\\/annakonelli.de\\\/wp-content\\\/uploads\\\/2023\\\/04\\\/cropped-L4A5935-1.jpg\",\"contentUrl\":\"https:\\\/\\\/annakonelli.de\\\/wp-content\\\/uploads\\\/2023\\\/04\\\/cropped-L4A5935-1.jpg\",\"width\":1920,\"height\":1172},{\"@type\":\"BreadcrumbList\",\"@id\":\"https:\\\/\\\/annakonelli.de\\\/?page_id=81#breadcrumb\",\"itemListElement\":[{\"@type\":\"ListItem\",\"position\":1,\"name\":\"Startseite\",\"item\":\"https:\\\/\\\/annakonelli.de\\\/\"},{\"@type\":\"ListItem\",\"position\":2,\"name\":\"Die Konelli\"}]},{\"@type\":\"WebSite\",\"@id\":\"https:\\\/\\\/annakonelli.de\\\/#website\",\"url\":\"https:\\\/\\\/annakonelli.de\\\/\",\"name\":\"Anna Konelli\",\"description\":\"Autorin | gibt Schreibtipps | trinkt Kaffee\",\"potentialAction\":[{\"@type\":\"SearchAction\",\"target\":{\"@type\":\"EntryPoint\",\"urlTemplate\":\"https:\\\/\\\/annakonelli.de\\\/?s={search_term_string}\"},\"query-input\":{\"@type\":\"PropertyValueSpecification\",\"valueRequired\":true,\"valueName\":\"search_term_string\"}}],\"inLanguage\":\"de\"}]}<\/script>\n<!-- \/ Yoast SEO plugin. -->","yoast_head_json":{"title":"Die Konelli - Anna Konelli","description":"Ich bin Anna Konelli. Autorin, Lektorin, Herzensbrecherin und Schreibtippgeberin. Mein Hauptberuf als Marketing Managerin, meine Kreativit\u00e4t\u2026","robots":{"index":"index","follow":"follow","max-snippet":"max-snippet:-1","max-image-preview":"max-image-preview:large","max-video-preview":"max-video-preview:-1"},"canonical":"https:\/\/annakonelli.de\/?page_id=81","og_locale":"de_DE","og_type":"article","og_title":"Die Konelli - Anna Konelli","og_description":"Ich bin Anna Konelli. Autorin, Lektorin, Herzensbrecherin und Schreibtippgeberin. Mein Hauptberuf als Marketing Managerin, meine Kreativit\u00e4t\u2026","og_url":"https:\/\/annakonelli.de\/?page_id=81","og_site_name":"Anna Konelli","article_modified_time":"2024-01-04T20:40:42+00:00","og_image":[{"width":1920,"height":1172,"url":"https:\/\/annakonelli.de\/wp-content\/uploads\/2023\/04\/cropped-L4A5935-1.jpg","type":"image\/jpeg"}],"twitter_card":"summary_large_image","twitter_misc":{"Gesch\u00e4tzte Lesezeit":"2\u00a0Minuten"},"schema":{"@context":"https:\/\/schema.org","@graph":[{"@type":"WebPage","@id":"https:\/\/annakonelli.de\/?page_id=81","url":"https:\/\/annakonelli.de\/?page_id=81","name":"Die Konelli - Anna Konelli","isPartOf":{"@id":"https:\/\/annakonelli.de\/#website"},"primaryImageOfPage":{"@id":"https:\/\/annakonelli.de\/?page_id=81#primaryimage"},"image":{"@id":"https:\/\/annakonelli.de\/?page_id=81#primaryimage"},"thumbnailUrl":"https:\/\/annakonelli.de\/wp-content\/uploads\/2023\/04\/cropped-L4A5935-1.jpg","datePublished":"2023-04-15T14:00:25+00:00","dateModified":"2024-01-04T20:40:42+00:00","description":"Ich bin Anna Konelli. Autorin, Lektorin, Herzensbrecherin und Schreibtippgeberin. Mein Hauptberuf als Marketing Managerin, meine Kreativit\u00e4t\u2026","breadcrumb":{"@id":"https:\/\/annakonelli.de\/?page_id=81#breadcrumb"},"inLanguage":"de","potentialAction":[{"@type":"ReadAction","target":["https:\/\/annakonelli.de\/?page_id=81"]}]},{"@type":"ImageObject","inLanguage":"de","@id":"https:\/\/annakonelli.de\/?page_id=81#primaryimage","url":"https:\/\/annakonelli.de\/wp-content\/uploads\/2023\/04\/cropped-L4A5935-1.jpg","contentUrl":"https:\/\/annakonelli.de\/wp-content\/uploads\/2023\/04\/cropped-L4A5935-1.jpg","width":1920,"height":1172},{"@type":"BreadcrumbList","@id":"https:\/\/annakonelli.de\/?page_id=81#breadcrumb","itemListElement":[{"@type":"ListItem","position":1,"name":"Startseite","item":"https:\/\/annakonelli.de\/"},{"@type":"ListItem","position":2,"name":"Die Konelli"}]},{"@type":"WebSite","@id":"https:\/\/annakonelli.de\/#website","url":"https:\/\/annakonelli.de\/","name":"Anna Konelli","description":"Autorin | gibt Schreibtipps | trinkt Kaffee","potentialAction":[{"@type":"SearchAction","target":{"@type":"EntryPoint","urlTemplate":"https:\/\/annakonelli.de\/?s={search_term_string}"},"query-input":{"@type":"PropertyValueSpecification","valueRequired":true,"valueName":"search_term_string"}}],"inLanguage":"de"}]}},"_links":{"self":[{"href":"https:\/\/annakonelli.de\/index.php?rest_route=\/wp\/v2\/pages\/81","targetHints":{"allow":["GET"]}}],"collection":[{"href":"https:\/\/annakonelli.de\/index.php?rest_route=\/wp\/v2\/pages"}],"about":[{"href":"https:\/\/annakonelli.de\/index.php?rest_route=\/wp\/v2\/types\/page"}],"author":[{"embeddable":true,"href":"https:\/\/annakonelli.de\/index.php?rest_route=\/wp\/v2\/users\/1"}],"replies":[{"embeddable":true,"href":"https:\/\/annakonelli.de\/index.php?rest_route=%2Fwp%2Fv2%2Fcomments&post=81"}],"version-history":[{"count":6,"href":"https:\/\/annakonelli.de\/index.php?rest_route=\/wp\/v2\/pages\/81\/revisions"}],"predecessor-version":[{"id":310,"href":"https:\/\/annakonelli.de\/index.php?rest_route=\/wp\/v2\/pages\/81\/revisions\/310"}],"wp:featuredmedia":[{"embeddable":true,"href":"https:\/\/annakonelli.de\/index.php?rest_route=\/wp\/v2\/media\/14"}],"wp:attachment":[{"href":"https:\/\/annakonelli.de\/index.php?rest_route=%2Fwp%2Fv2%2Fmedia&parent=81"}],"curies":[{"name":"wp","href":"https:\/\/api.w.org\/{rel}","templated":true}]}}